 highest common factor of 179116201 and 517.
517
Calculate the greatest common factor of 116 and 26002270.
58
What is the highest common divisor of 131 and 31312013?
131
Calculate the greatest common divisor of 359008 and 81122.
1726
Calculate the highest common factor of 122880256 and 324325.
12973
What is the greatest common factor of 341870 and 2?
2
Calculate the highest common divisor of 87 and 197247.
3
What is the highest common divisor of 12008 and 7716?
4
Calculate the greatest common divisor of 186875 and 70655.
65
What is the greatest common factor of 181015 and 24085?
5
Calculate the highest common factor of 40054240 and 8062.
278
What is the highest common factor of 54007292 and 2206?
2206
What is the highest common factor of 7153500 and 684?
228
What is the greatest common factor of 182117334 and 6132?
3066
Calculate the highest common factor of 9234 and 688662.
486
Calculate the highest common divisor of 6768 and 55830078.
846
Calculate the greatest common factor of 2544 and 9164866.
106
What is the highest common divisor of 803980966 and 11186?
1598
What is the greatest common divisor of 8705 and 23003833?
1741
Calculate the highest common divisor of 1757 and 6299.
1
Calculate the highest common divisor of 2872 and 15894007.
359
What is the greatest common factor of 2122723815 and 15?
15
What is the greatest common factor of 30 and 15613570?
10
What is the greatest common factor of 3978760 and 280?
40
What is the highest common divisor of 9360 and 1585?
5
What is the greatest common divisor of 228854 and 238?
34
What is the highest common factor of 113349897 and 1377?
153
What is the highest common divisor of 22914551 and 33?
11
Calculate the highest common factor of 146197298 and 247.
13
What is the highest common factor of 490 and 87756746?
98
Calculate the greatest common divisor of 14440 and 10290.
10
Calculate the highest common divisor of 133632 and 856800.
288
What is the highest common divisor of 125723 and 10169311?
509
Calculate the highest common factor of 1404 and 522780.
12
What is the highest common divisor of 2964 and 47092032?
2964
Calculate the greatest common divisor of 16188 and 4942452.
852
What is the greatest common divisor of 17999 and 50881?
41
What is the highest common divisor of 74720 and 3190?
10
What is the highest common factor of 56715 and 6880470?
285
What is the highest common divisor of 33790 and 32482?
218
What is the highest common divisor of 12 and 3366756?
12
What is the greatest common factor of 39 and 19011473?
13
Calculate the highest common factor of 117427564 and 764.
764
Calculate the greatest common divisor of 1123398 and 113146.
278
Calculate the highest common divisor of 3201 and 140941.
97
Calculate the greatest common divisor of 384831 and 14499.
81
What is the greatest common divisor of 4266 and 1896399?
27
What is the greatest common divisor of 891 and 22141449?
99
Calculate the greatest common factor of 352 and 14092397.
11
Calculate the highest common factor of 37716 and 156836598.
2694
What is the highest common divisor of 22 and 833935927?
11
What is the highest common divisor of 89707265 and 79?
79
What is the greatest common factor of 205091 and 6989?
241
What is the highest common divisor of 25 and 18713?
1
What is the greatest common divisor of 24007545 and 4085?
4085
What is the highest common divisor of 27168 and 49667349?
849
Calculate the greatest common divisor of 69167 and 89257.
287
What is the greatest common factor of 628 and 26620?
4
What is the highest common factor of 8087080 and 160?
40
What is the greatest common divisor of 3700 and 467300?
100
What is the highest common divisor of 11264 and 495?
11
Calculate the highest common divisor of 38395 and 13300028.
7679
What is the highest common factor of 6992304 and 108?
12
Calculate the highest common divisor of 19398594 and 1992.
498
Calculate the highest common factor of 4884 and 1129063584.
4884
Calculate the greatest common divisor of 9655488 and 960.
192
What is the greatest common divisor of 2051808 and 40200?
1608
What is the greatest common factor of 257936 and 189504?
5264
Calculate the greatest common factor of 762 and 171342177.
381
Calculate the highest common divisor of 5691089 and 171.
19
What is the highest common divisor of 7480 and 56516840?
680
What is the greatest common divisor of 2815765 and 5?
5
Calculate the highest common factor of 289 and 107572736.
289
Calculate the greatest common divisor of 157058 and 367334.
1298
What is the greatest common factor of 2104896 and 10146?
114
What is the greatest common divisor of 9191 and 171535?
91
What is the greatest common divisor of 14066403 and 7239?
57
What is the greatest common factor of 38 and 36382378?
38
What is the highest common divisor of 495 and 111775158?
99
Calculate the highest common factor of 88 and 23426464.
8
What is the greatest common factor of 2697 and 2672107?
31
Calculate the highest common factor of 485 and 4678019.
97
Calculate the highest common divisor of 2040 and 3566175.
255
Calculate the highest common divisor of 5068701 and 19503.
99
Calculate the greatest common divisor of 222 and 12231534.
222
What is the highest common divisor of 4437550 and 156?
26
What is the greatest common factor of 387936 and 2093472?
864
What is the highest common divisor of 443006 and 85763?
617
What is the greatest common factor of 60470528 and 1024?
256
What is the highest common divisor of 483 and 1878433?
23
What is the greatest common divisor of 66267233 and 116?
29
What is the greatest common factor of 686604978 and 2547?
2547
Calculate the greatest common factor of 252501 and 6426.
51
Calculate the greatest common divisor of 174 and 24798390.
6
Calculate the greatest common factor of 1025 and 2686115.
205
What is the greatest common factor of 310 and 14270?
10
Calculate the highest common divisor of 3484 and 130613418.
1742
What is the greatest common factor of 4 and 1567142?
2
What is the greatest common factor of 13281491 and 81336?
3389
What is the greatest common factor of 1179360 and 20436?
156
What is the greatest common divisor of 511646091 and 4521?
4521
Calculate the greatest common factor of 62875 and 97079.
503
What is the greatest common factor of 154 and 36582238?
154
Calculate the highest common divisor of 727112 and 297029.
937
What is the highest common factor of 4636500 and 195?
15
What is the highest common divisor of 1026 and 196505144?
38
What is the greatest common divisor of 20741 and 420?
7
What is the highest common factor of 14174251 and 273?
91
Calculate the greatest common divisor of 320059 and 165228.
281
Calculate the greatest common divisor of 2525404 and 13699.
133
Calculate the highest common divisor of 8965875 and 105.
15
Calculate the greatest common factor of 258884 and 6100.
244
Calculate the highest common divisor of 158165150 and 4550.
650
What is the highest common divisor of 957 and 147190747?
319
Calculate the greatest common factor of 31249560 and 15.
15
Calculate the greatest common divisor of 1757796 and 1092.
12
Calculate the highest common divisor of 60 and 2099868.
12
What is the highest common factor of 162011518 and 124?
62
Calculate the highest common factor of 52 and 22446502.
26
What is the greatest common factor of 13455 and 15066610?
1495
What is the highest common divisor of 10359864 and 13680?
1368
What is the highest common divisor of 86 and 6518?
2
Calculate the greatest common factor of 1175245 and 91314.
1691
What is the greatest common divisor of 113946 and 27342?
42
Calculate the greatest common divisor of 641517 and 48891.
129
Calculate the highest common factor of 1184 and 40214016.
32
What is the highest common divisor of 37375229 and 1537?
1537
What is the highest common factor of 10463753 and 35128?
4391
What is the greatest common factor of 46 and 27145819?
23
Calculate the highest common divisor of 18 and 65851839.
9
Calculate the greatest common factor of 114245 and 45928055.
1565
What is the highest common factor of 52 and 93378948?
52
Calculate the greatest common factor of 2259 and 8193895.
251
Calculate the highest common divisor of 4681 and 521699.
31
What is the highest common divisor of 9 and 22793327?
1
Calculate the greatest common divisor of 120 and